y) is divided by 14.
9
Calculate the remainder when (-192)/(-960)*(2 + 16943) is divided by 26.
9
What is the remainder when -28 + 24 + (-104090)/(-5) is divided by 5?
4
What is the remainder when (-12100)/(-6)*624/416 is divided by 178?
177
What is the remainder when 20285/15 + (-416)/312 is divided by 449?
4
Suppose m - 927 = 5*l, 41*m - 38*m - 3*l = 2721. Calculate the remainder when m is divided by 35.
27
Let h = 2432 - 2373. Calculate the remainder when 1414 is divided by h.
57
Let x(a) = -a**3 + 6*a**2 - a - 2. Let u = 7886 + -7601. What is the remainder when u is divided by x(5)?
15
Suppose 4*t - 257 = -17. What is the remainder when 79 is divided by (-10)/t - 381/(-18)?
16
Let u(k) = -223 - 121*k**2 + 234*k**2 - 114*k**2 + 47*k. Suppose 3*o = 7*o - 16. Calculate the remainder when u(41) is divided by o.
3
Suppose 38 = k + k. Let n(j) = -j**2 - 89*j - 1111. Calculate the remainder when n(-17) is divided by k.
18
Let a = -1 - -8. Suppose -105*j = -38 - 592. Let v = j + a. What is the remainder when v is divided by 3?
1
Suppose -181 + 97 = -6*d. Suppose 52 = d*y + 38. What is the remainder when 17 is divided by y?
0
Suppose 4*b = 3*s + b - 12, 3*b - 16 = -s. Suppose -138 + 33 = -s*q. Calculate the remainder when 29 is divided by q.
14
Calculate the remainder when 3 + (-5 - -3) - 82*(-319)/22 is divided by 172.
158
Let k(m) = 9*m + 122. Let l be k(9). Let n = -178 + l. Calculate the remainder when 60 is divided by n.
10
Let q(w) = -w**2 + 2*w + 2. Let o be q(-3). Let m = o - -25. Suppose -m*s + 60 = -2*s. Calculate the remainder when 52 is divided by s.
4
Let v = 87 - 91. Let c be (32/40)/(v/(-10)) + 21. Suppose -3*z - c = -158. Calculate the remainder when z is divided by 7.
3
Let u be 10/4*(-48)/(-30). Suppose 0 - 8 = -2*y. Suppose u*l = -y*g + 128, -2*g + 99 = g + 2*l. Calculate the remainder when 173 is divided by g.
33
Let w(g) = 25*g - 111. Let h(u) = -8*u + 37. Let y(t) = 17*h(t) + 6*w(t). Let f be y(-4). What is the remainder when (-3 + (-2)/(-6))*f/2 is divided by 18?
16
Suppose 1076 = 5*m + 4*f, 0 = -4*m + 3*f - f + 866. Let c = m + -200. What is the remainder when 61 is divided by c?
13
Let d be (0 + 16)/(-4) - -12. Suppose 10*w - d = 1582. What is the remainder when w is divided by 23?
21
Suppose 4*v = -28*c + 22*c + 196, 3*c = 3*v - 222. Calculate the remainder when v is divided by 9/2*(-24)/(-18).
4
Let r = 72 + -31. Calculate the remainder when r is divided by (82/8 - 10)/(2*(-3)/(-120)).
1
Suppose -174*w - 81 + 795 = -852. Let u = -28 - -16. What is the remainder when w is divided by 22/2 + u/4?
1
Suppose 0 = -6*t - 6*t + 1248. Let g = -37 + 65. Suppose -g - t = -11*m. Calculate the remainder when m is divided by 8.
4
Let t = 352 + -162. Calculate the remainder when 2*-5*t/(-25) is divided by 25.
1
Suppose 5*z - 91 - 189 = 0. Suppose 4*o = -27*j + 25*j + 54, 2*j = -5*o + z. Calculate the remainder when 66 is divided by j.
20
Let o(p) = -p**3 + 1. Let r(q) = -q**3 + 9*q**2 - 26*q + 23. Let n(i) = -2*o(i) + r(i). What is the remainder when n(-10) is divided by 26?
25
What is the remainder when 293 is divided by ((-10)/35)/(24/(-28)) - (-2625)/9?
1
Let u(p) = -p**3 - 7*p**2 - 6*p - 4. Let d be u(-7). Let z = -52 + d. What is the remainder when 13 is divided by 2/(3/((-12)/z) + -3)?
1
Suppose -12*w = 5*x - 8*w - 83, -6*x + 5*w + 31 = 0. Calculate the remainder when 4/6 + (-385)/(-21) is divided by x.
8
Let k(h) = -38*h**2 + 270*h + 11. Calculate the remainder when k(7) is divided by 14.
11
Let l be (207/27)/((-1)/(-9)*1). Suppose -s = 3*k - 881 + l, 0 = -3*k + 5*s + 818. What is the remainder when k is divided by 34?
33
Let s be (6/5)/((-26)/(-65)). Suppose 3*x + s*x = 66. Suppose x*v = 6*v + 30. Calculate the remainder when v is divided by 1.
0
Suppose 0 = 10*z - 2*z - 32. Calculate the remainder when (-67)/((z - 5)/1) is divided by (-221)/(-39)*(-2 + 5 + 0).
16
Let g(p) = p**3 + 10*p**2 + 2*p + 54. Let s(t) = t**2 + 9*t + 8. Let j be s(-8). Suppose j = k - 3. Calculate the remainder when g(-10) is divided by k.
1
Let g = 12985 - 12867. Let v(z) = 2*z**2 - 4. Let n be v(-6). Suppose n = 3*w + 17. Calculate the remainder when g is divided by w.
16
Let y(v) = 6*v**2 + v + 2. Let h be y(-1). Suppose -h*u = -5*u + 62. Let w = -2 - u. What is the remainder when 143 is divided by w?
27
Let b(a) = 2*a**2 + 5*a - 3. Suppose 68*x - 36*x = 416. Suppose t + 45 + x = 2*p, -p = -3*t - 39. What is the remainder when b(4) is divided by p?
22
Let q = 486 + -469. Suppose 5*d - 65 - 65 = -5*i, 5*i + q = 2*d. What is the remainder when 38 is divided by d?
17
Calculate the remainder when (-5 + -4 + 29/3)/((-2)/(-510)) is divided by 21.
2
Suppose -1545 = -12*w - 609. Suppose 36 - w = -3*s. Suppose 0*x + 2*x - 100 = 0. Calculate the remainder when x is divided by s.
8
Let t(v) = v**3 + 24*v**2 - 2*v - 35. Suppose -95*d + 96*d + 24 = 0. What is the remainder when t(d) is divided by (1 - -6) + -6 + 6?
6
Suppose -13*c = -18*c - 140. Let b = 154 + -38. Calculate the remainder when 27 is divided by 1/(-4 - b/c).
6
Let o(y) = 2*y**2 + 3*y + 4. Let i be o(-4). Suppose i = w + w. What is the remainder when (-92)/(-6)*3 + 8 + -8 is divided by w?
10
Suppose 0 = -3*o - 7*o - 90. Let v be (-7)/21 + (-1002)/o. Suppose 61*t = 64*t - v. Calculate the remainder when t is divided by 13.
11
Suppose 5*t = -5*v + 775, 3*v = 5*t - 10*t + 461. What is the remainder when 347 is divided by v?
33
Suppose -8*l - 4095 = -22239. Suppose -889 + l = 7*j. Calculate the remainder when j is divided by 33.
32
Let t(y) = 17*y. Let r(x) = -31*x**3 + 2*x**2 + 4*x + 2. Calculate the remainder when r(-1) is divided by t(1).
14
Suppose -224 = -7*c - 0*c. Suppose c*a - 648 = 26*a. Calculate the remainder when a is divided by 11.
9
Suppose -m + 68*g - 72*g = 23, 5*m - g = -31. What is the remainder when 311 is divided by 3/((m/147)/(-1))?
59
Suppose -3*b - 2*b - 65 = 0. Suppose -29*j - 30 = -117. Calculate the remainder when 41 is divided by j - 5 - ((1 - 4) + b).
13
Suppose 4*j = -3*u + 313, -8*j + 5*j = -5*u + 541. What is the remainder when u is divided by 18?
17
Let w = -14 + 17. Suppose -w*o + 17 = -19. What is the remainder when 62 is divided by (-3)/o + 595/28?
20
Suppose n + n + 3*j - 20 = 0, n - 20 = -4*j. Let f(z) = n*z + 1 + 3*z - 4*z - 10*z. What is the remainder when 26 is divided by f(-1)?
2
Let q = 92 - 92. What is the remainder when (34*4 - q/(-2)) + -1 is divided by 34?
33
Suppose -9698 = 716*w - 742*w. Calculate the remainder when w is divided by 200.
173
Let k(h) = -386*h - 998. Calculate the remainder when k(-7) is divided by 107.
99
Let k(i) = i**3 + 21*i**2 + 17*i - 62. Let z be k(-20). Calculate the remainder when 0 - (136/z - (5 - 2)) is divided by 15.
11
Let b = -6 + 4. Let t = -4140 - -4144. Calculate the remainder when 19 is divided by -1 - 22/t*b.
9
Suppose 5*z = 5*j + 201 - 81, -4*z = 5*j - 96. Calculate the remainder when 298 is divided by (-6)/(z/16 - 2).
10
Let v(h) = 2*h + 6. Let t be v(-4). What is the remainder when (t/(-2))/((-2)/(-2)) is divided by (-15)/(-36)*(-114)/(-380) - 14/(-16)?
0
Let z = -1853 + 2393. What is the remainder when z is divided by 11?
1
Let r = -7574 + 8381. Calculate the remainder when r is divided by 14.
9
Let p = 824 - 711. Calculate the remainder when p is divided by 87.
26
Let k = -83 + 76. What is the remainder when 37 is divided by k*(30/9*3)/(-7)?
7
Suppose 402*m - 49041 = -38*m + 10799. Calculate the remainder when 228 is divided by m.
92
Let o(q) = 5*q**2 - 3*q - 2. Suppose -4*g - 88 = v, -v = 3*v + 5*g + 407. Calculate the remainder when 5/(-25) - 13*v/20 is divided by o(2).
10
Let u(j) = -166*j - 31. Let a be u(-7). Let x = -735 + a. Let g = x + -283. What is the remainder when g is divided by 29?
26
Let t(f) = -f**3 + 17*f**2 + 63*f - 35. Calculate the remainder when t(20) is divided by 2*4 + 2 + -2 + 0.
1
Suppose -228 = -92*d + 86*d. Suppose 10*n - 2848 = -578. Calculate the remainder when n is divided by d.
37
Let c(i) = -606*i**3 + 5*i + 5. Let k be c(-1). Let n = 611 - k. What is the remainder when 318 is divided by n?
3
Suppose 0 = 7*y - 35, 9*t - 10*t + y + 55 = 0. Suppose 4*d - 59*z - 108 = -63*z, 4*z + t = 3*d. What is the remainder when 2/4 - (-221)/2 is divided by d?
15
Let y(l) = -l**3 + 5*l**2 - 3*l + 5